{"id":69,"date":"2026-01-20T12:20:43","date_gmt":"2026-01-20T12:20:43","guid":{"rendered":"https:\/\/meryemkaynarcabutik.com\/?post_type=product&#038;p=69"},"modified":"2026-02-03T19:21:10","modified_gmt":"2026-02-03T19:21:10","slug":"kurk-kisa-mont","status":"publish","type":"product","link":"https:\/\/meryemkaynarcabutik.com\/?product=kurk-kisa-mont","title":{"rendered":"K\u00fcrk K\u0131sa Mont"},"content":{"rendered":"<p>K\u00fcrk K\u0131sa Mont<\/p>\n","protected":false},"excerpt":{"rendered":"<p>K\u00fcrk K\u0131sa Mont<\/p>\n","protected":false},"featured_media":70,"comment_status":"open","ping_status":"closed","template":"","meta":{"_kadence_starter_templates_imported_post":false,"_kad_post_transparent":"default","_kad_post_title":"","_kad_post_layout":"default","_kad_post_sidebar_id":"","_kad_post_content_style":"default","_kad_post_vertical_padding":"default","_kad_post_feature":"","_kad_post_feature_position":"","_kad_post_header":false,"_kad_post_footer":false,"_kad_post_classname":""},"product_brand":[],"product_cat":[15],"product_tag":[],"class_list":{"0":"post-69","1":"product","2":"type-product","3":"status-publish","4":"has-post-thumbnail","6":"product_cat-genel","8":"first","9":"instock","10":"sale","11":"shipping-taxable","12":"purchasable","13":"product-type-simple","14":"entry","15":"content-bg","16":"loop-entry"},"_links":{"self":[{"href":"https:\/\/meryemkaynarcabutik.com\/index.php?rest_route=\/wp\/v2\/product\/69","targetHints":{"allow":["GET"]}}],"collection":[{"href":"https:\/\/meryemkaynarcabutik.com\/index.php?rest_route=\/wp\/v2\/product"}],"about":[{"href":"https:\/\/meryemkaynarcabutik.com\/index.php?rest_route=\/wp\/v2\/types\/product"}],"replies":[{"embeddable":true,"href":"https:\/\/meryemkaynarcabutik.com\/index.php?rest_route=%2Fwp%2Fv2%2Fcomments&post=69"}],"wp:featuredmedia":[{"embeddable":true,"href":"https:\/\/meryemkaynarcabutik.com\/index.php?rest_route=\/wp\/v2\/media\/70"}],"wp:attachment":[{"href":"https:\/\/meryemkaynarcabutik.com\/index.php?rest_route=%2Fwp%2Fv2%2Fmedia&parent=69"}],"wp:term":[{"taxonomy":"product_brand","embeddable":true,"href":"https:\/\/meryemkaynarcabutik.com\/index.php?rest_route=%2Fwp%2Fv2%2Fproduct_brand&post=69"},{"taxonomy":"product_cat","embeddable":true,"href":"https:\/\/meryemkaynarcabutik.com\/index.php?rest_route=%2Fwp%2Fv2%2Fproduct_cat&post=69"},{"taxonomy":"product_tag","embeddable":true,"href":"https:\/\/meryemkaynarcabutik.com\/index.php?rest_route=%2Fwp%2Fv2%2Fproduct_tag&post=69"}],"curies":[{"name":"wp","href":"https:\/\/api.w.org\/{rel}","templated":true}]}}