{"id":169,"date":"2026-01-31T14:35:04","date_gmt":"2026-01-31T14:35:04","guid":{"rendered":"https:\/\/meryemkaynarcabutik.com\/?post_type=product&#038;p=169"},"modified":"2026-01-31T14:36:46","modified_gmt":"2026-01-31T14:36:46","slug":"et","status":"publish","type":"product","link":"https:\/\/meryemkaynarcabutik.com\/?product=et","title":{"rendered":"Y\u0131rtma\u00e7l\u0131 Etek"},"content":{"rendered":"","protected":false},"excerpt":{"rendered":"","protected":false},"featured_media":170,"comment_status":"open","ping_status":"closed","template":"","meta":{"_kadence_starter_templates_imported_post":false,"_kad_post_transparent":"default","_kad_post_title":"","_kad_post_layout":"default","_kad_post_sidebar_id":"","_kad_post_content_style":"default","_kad_post_vertical_padding":"default","_kad_post_feature":"","_kad_post_feature_position":"","_kad_post_header":false,"_kad_post_footer":false,"_kad_post_classname":""},"product_brand":[],"product_cat":[15],"product_tag":[],"class_list":{"0":"post-169","1":"product","2":"type-product","3":"status-publish","4":"has-post-thumbnail","6":"product_cat-genel","8":"first","9":"instock","10":"sale","11":"shipping-taxable","12":"purchasable","13":"product-type-simple","14":"entry","15":"content-bg","16":"loop-entry"},"_links":{"self":[{"href":"https:\/\/meryemkaynarcabutik.com\/index.php?rest_route=\/wp\/v2\/product\/169","targetHints":{"allow":["GET"]}}],"collection":[{"href":"https:\/\/meryemkaynarcabutik.com\/index.php?rest_route=\/wp\/v2\/product"}],"about":[{"href":"https:\/\/meryemkaynarcabutik.com\/index.php?rest_route=\/wp\/v2\/types\/product"}],"replies":[{"embeddable":true,"href":"https:\/\/meryemkaynarcabutik.com\/index.php?rest_route=%2Fwp%2Fv2%2Fcomments&post=169"}],"wp:featuredmedia":[{"embeddable":true,"href":"https:\/\/meryemkaynarcabutik.com\/index.php?rest_route=\/wp\/v2\/media\/170"}],"wp:attachment":[{"href":"https:\/\/meryemkaynarcabutik.com\/index.php?rest_route=%2Fwp%2Fv2%2Fmedia&parent=169"}],"wp:term":[{"taxonomy":"product_brand","embeddable":true,"href":"https:\/\/meryemkaynarcabutik.com\/index.php?rest_route=%2Fwp%2Fv2%2Fproduct_brand&post=169"},{"taxonomy":"product_cat","embeddable":true,"href":"https:\/\/meryemkaynarcabutik.com\/index.php?rest_route=%2Fwp%2Fv2%2Fproduct_cat&post=169"},{"taxonomy":"product_tag","embeddable":true,"href":"https:\/\/meryemkaynarcabutik.com\/index.php?rest_route=%2Fwp%2Fv2%2Fproduct_tag&post=169"}],"curies":[{"name":"wp","href":"https:\/\/api.w.org\/{rel}","templated":true}]}}